*2 + 732*s**2. Suppose 5*x - 8 = x. What is q(x)?
21
Let p(t) = t**2 + 5*t - 22. Suppose 2*h + 4*s = 14, 0 = -h + 19*s - 16*s - 3. Calculate p(h).
2
Let o(z) = -z**3 + 14*z**2 - 11*z - 2. Let b(i) = i**3 - 13*i**2 + 10*i + 3. Suppose -25*u + 109 + 41 = 0. Let w(m) = u*b(m) + 5*o(m). Give w(7).
-6
Let g(u) = 2*u - 1. Let p be (8 - -1) + (-12)/4. Let m(o) = -o - 1. Let v(q) = -q**2 + 22*q - 19. Let w(n) = p*m(n) + v(n). Let b be w(14). Determine g(b).
5
Let w(q) = 25*q + 8 + 27*q - 1 - 56*q. Let o be w(0). Let p(j) = j + 2. Calculate p(o).
9
Let t(c) be the third derivative of c**4/4 + c**3/2 - 1487*c**2. What is t(0)?
3
Suppose -26 = -7*u + 128. Let z = u - 13. Let a(b) = b - 11. Let y(i) = -3*i + 33. Let j(t) = -8*a(t) - 3*y(t). Determine j(z).
-2
Let k(m) = -m**2 - 13*m + 15. Suppose -3*a - 23 = -f, 17*f - 77 = 14*f + a. Suppose -f = 3*q + 4*r, -3*q + 0*r - 58 = -4*r. What is k(q)?
1
Let g(a) = -7*a + 30. Let u(o) = 3*o - 15. Let v(f) = -2*g(f) - 5*u(f). Let d(n) = -19*n**3 + 4*n**2 - 13*n - 18. Let l be d(-1). Calculate v(l).
-3
Let a(n) = -3*n**2 - 15*n + 2. Let i = -22731 + 22726. What is a(i)?
2
Let d(t) = t**3 + 49*t**2 + 56*t + 386. Let l = 17201 + -17249. What is d(l)?
2
Let t(x) be the second derivative of -2*x**3/3 - 19*x**2/2 + 6*x + 16. Give t(-8).
13
Let t = -38111 + 38106. Let s(i) = -3*i + i + 3 - 14. Give s(t).
-1
Let f(s) = s**2 + 8*s - 12. Let h = 40 + -37. Let i be 50/(-4) - -3 - h/(-6). Calculate f(i).
-3
Let p(q) be the first derivative of q**3/3 + 7*q**2/2 + 2*q - 1. Suppose 0 = -12*d - 1202 - 1654. Let f = -245 - d. Determine p(f).
2
Let x(h) = h - 44. Let a be x(34). Let c(p) = -p**2 - 8*p + 14. Let q be c(a). Let u(w) = 3*w + 1. Let j(k) = -k - 1. Let n(i) = 5*j(i) + u(i). What is n(q)?
8
Let s(y) be the third derivative of -y**6/120 + 7*y**5/60 + y**4/24 + 2*y**3/3 + 48*y**2 - 4. What is s(7)?
11
Let l(c) = -14 - 14*c - 13 + c**2 + 14 - 3. Calculate l(11).
-49
Let g(j) = 2*j + 3. Suppose -39*o + 6 = -37*o. Let m be ((4 - 6) + o)*4. Calculate g(m).
11
Let k(q) = -q**3 - 3*q**2 + 3*q + 2. Suppose 2*x = 6*x + 5*g - 10, 0 = -g + 2. Suppose 7*u + 35 = -x*u. Let b be ((-6)/u)/(4/(-10)). What is k(b)?
-7
Let f(u) = -u**3 + 24*u - 10. Let w = 21110 + -21105. Give f(w).
-15
Let q(x) = -8*x. Let p(r) = 15*r - 1. Let c(z) = 6*p(z) + 11*q(z). Suppose 63*a - 57*a = 36. Suppose a*u = 27 + 9. Determine c(u).
6
Let y(n) = -n + n**2 + 0*n**2 - 2*n**2 + 4. Let p be 44*(27/(-6) + 5). Suppose -3*a = a + 2*g + p, 9 = -3*a + g. What is y(a)?
-8
Let y(f) be the first derivative of -f**4/4 - 5*f**3/3 + 9*f**2 + 9*f - 1499. Determine y(-7).
-19
Let a(s) = -2*s + 7. Let k be ((-27)/18)/(3/6). Let z(o) = -o + 8. Let y(g) = k*a(g) + 4*z(g). Calculate y(-6).
-1
Let k(s) = -2*s + 5. Suppose 11*h + 10905 = 2589. Let z be h/(-144) + (-18)/8. Determine k(z).
-1
Suppose 2*j = -2, 0*v - 4*v - 4*j = -216. Suppose 5*k = -5*q + v, -4*q + 3*k = -13 - 45. Let d(p) = -p + 14. Calculate d(q).
1
Let o(r) be the second derivative of -7*r**3/3 - 83*r**2/2 - 297*r - 1. Give o(-6).
1
Let a(q) = -3*q**2 + 10*q. Let o(b) = -7*b**2 + 20*b + 1. Let f(n) = 9*a(n) - 4*o(n). Let z = -3748 + 3738. Give f(z).
-4
Let q(j) = j**3 - 11*j**2 + 56*j - 611. Let h be q(11). Let p(u) = -4*u - 2 + u**3 + 3*u - 5*u**2 + 0*u**3. What is p(h)?
-7
Let b(z) be the third derivative of -z**4/24 + 5*z**3/3 - 21*z**2. Let g be b(7). Let l(y) = -4*y + 4 + y**2 + y + 0*y**2. Determine l(g).
4
Suppose 0 = 4*x - 2*u - 30, 3*u = x + 5*u. Let z be (-6)/6*x/(-2). Let v(n) = -255*n**2 - n**3 + 262*n**2 + 5*n + z*n + 10. Give v(8).
10
Let t(y) = -3142*y**2 + 9 - 3112*y**2 + 6250*y**2 + 42*y. What is t(11)?
-13
Let l be 20/(-3)*(-72)/15. Let b = l - 29. Suppose b*h + 10 = 8*h. Let s(p) = -p + 4. Calculate s(h).
2
Let q(j) = -j**3 - 4. Let l(c) = 451 + c**2 - 154 - 156 - 155 - 4*c**3. Let y(f) = -3*l(f) + 10*q(f). Suppose 8 = 3*t + 2. Determine y(t).
6
Let o(f) = 33*f + 5. Suppose 0 = 3*i - 3*c - 6, 10*c = 5*i + 14*c + 17. Give o(i).
-28
Let g(m) = -m - 7. Let j = -100 + 108. Suppose 0 = f + 3*k - 498, 3*f - 621 - 921 = 3*k. Let s be j/(-52) - f/65. Give g(s).
1
Suppose 18996*m - 18976*m = 260. Let o(p) = -2*p + 8. Calculate o(m).
-18
Let y(s) = -39*s**2 - 22*s - 11. Let r(t) = -2*t**2 + 4*t + 2. Let z(w) = -5*r(w) - y(w). Determine z(-1).
48
Let r be (-6 - -2)/(364/1547). Let z(b) = b**2 + 15*b - 24. Give z(r).
10
Suppose 9*t = -80 - 19. Let p(a) be the second derivative of a**3/3 + 9*a**2 + 355*a. Determine p(t).
-4
Let s(i) = -3*i. Let o(w) = -7*w - 230 + 467 - 236. Let f(m) = 2*o(m) - 5*s(m). Calculate f(-2).
0
Let i(u) be the second derivative of u**5/15 + u**4/24 - 5*u**3/2 + 2*u**2 + 46*u + 1. Let r(m) be the second derivative of i(m). Determine r(1).
9
Let s(q) = 9*q**2 - 4*q - 5. Let a be ((-1)/(-5))/(116/(-870)) + (-2)/4. Calculate s(a).
39
Let j(b) = 15*b**2 - 9*b + 1. Let t(q) be the third derivative of q**5/20 - q**4/24 + q**3/6 + 5*q**2. Let l(m) = j(m) - 4*t(m). Calculate l(4).
25
Let p be ((-5)/(-15))/(2 + 35/(-18)). Let c be (p/(-4))/((-9)/30). Let d(m) = -43*m**2 + 11*m - 4*m + 42*m**2. What is d(c)?
10
Let f(d) = d**2 + d + 0 + 10*d**3 + 1 - 2*d. Suppose 24*n = -104 - 256. Let a be ((-15)/n)/(2 - 1). Determine f(a).
11
Let y(o) = o - 15. Let u(g) = -g - 30. Let d be u(-12). Let p be d/(-3) + 2*9/6. Calculate y(p).
-6
Let x be (396/88)/((-7)/14). Let s(n) = n**2 + 13*n - 6. Calculate s(x).
-42
Suppose 9*b = 2*b + 14. Let k(t) = 2*t - 4*t + 6*t - 7*t. Give k(b).
-6
Let d = 739 + -736. Let j(k) be the first derivative of -1/3*k**3 + 2*k**2 - 4 - k. Give j(d).
2
Let r(l) = 2*l - 5. Suppose 11*c - 4*p + 77 = 130, 22 = -c - 5*p. Calculate r(c).
1
Let b = 13 + -12. Let c(d) = 2*d**3 + b + 3*d - 5*d**3 + 2*d**2 + 2*d**2 + 5*d**3. Suppose 12*n = 4*n - 16. Calculate c(n).
-5
Let w(a) = a**3 - a**2 + a - 8. Let j(d) = -11*d + 138. Let s be j(0). Let i = s + -138. Calculate w(i).
-8
Suppose -5*h + 2*k + 3*k = 20, 0 = -5*h + k - 8. Let n(w) = w. Let b(c) = 5*c. Let r(u) = h*b(u) + 3*n(u). Give r(4).
-8
Let o(q) = 38*q + 6 - 68*q**2 + 70*q**2 + 11 + 6 + 1. Determine o(-16).
-72
Let i(a) = -a**2 + 6*a - 3. Suppose j - 56 = -5*c - 0*c, -2*j + 105 = 3*c. Suppose j*v = 46*v + 15. Suppose 0 = -2*y + n + 5, -v*y - 4 = -2*n - 12. Give i(y).
5
Suppose y + 13 = 11. Let q be -2 + (54/(-12))/(y/12). Suppose 8*n - 7 = q. Let j(g) = g**2 - 4*g. What is j(n)?
0
Let q(v) be the first derivative of -v**3/3 - 2*v**2 + 6*v + 3. Let l = -144 + 146. Suppose -l + 0 = -w - 2*y, -3*w = 4*y + 2. Determine q(w).
-6
Let m(c) = 7*c - 3. Let g(r) = r + 1. Let k(a) = -a**2 - 5*a. Let z be k(-4). Let v be 6*((-1)/(-12))/(2/z). Let b(h) = v*m(h) - 6*g(h). Give b(0).
-9
Let y(p) be the second derivative of 3*p**3 + 39*p**2/2 + 529*p. Give y(-2).
3
Let p(n) = -n**2 + 2*n. Let f(b) = 14*b + 36 - 89 - 17*b. Let q be f(-19). Give p(q).
-8
Let b(u) = u**3 + 4*u**2 - 5*u + 4. Let o = 5110 - 5116. What is b(o)?
-38
Let s(t) = -9*t**3 + 71*t**2 + t + 53. Let l be s(8). Let b(p) = -p**2 - 6*p - 8. Give b(l).
1
Let h(w) be the second derivative of 11*w**4/12 - w**3/6 - 3*w**2/2 + 2230*w. Calculate h(-2).
43
Let c be 0 + -1*(0 + 2) - -3. Let v(a) = c - a**2 + 92*a - 5 - 86*a. Determine v(7).
-11
Let m(c) be the third derivative of c**5/60 - c**4/12 - c**3 - 9*c**2. Let q be m(2). Let h(b) = -b**3 - 7*b**2 - 6*b - 7. What is h(q)?
-7
Suppose 1264 = 11*x - 2212. Let q(j) = 316 + x - 631 - 16*j. Give q(-2).
33
Suppose -5*i = 739 - 904. Suppose -4*l - 27 = y + l, -4*y - 5*l - i = 0. Let g(d) be the second derivative of -d**4/12 - d**2/2 + d. Calculate g(y).
-5
Suppose -22*y = -111 - 131. Let z be (-215)/(-55) - (-1)/y. Let c(v) = -v + 5. What is c(z)?
1
Suppose 0 = 622*f - 181*f - 4 + 4. Let z(c) be the second derivative of 0 + 5/12*c**4 + f*c**2 + 1/6*c**3 - 21*c. Calculate z(-1).
4
Let i(j) = 5*j + 6. Let o(l) = -l + 1. Let k(g) = -i(g) - 4*o(g). Let z(u) = 3*u + 19. Let s = 6 + -11. Let a(q) = s*k(q) - 3*z(q). What is a(-5)?
13
Suppose 5*f + 2*t = 12, -3*t = 4*f - 4*t - 7. Let c(k) = -3*k - 157 + 82 - k**f + 78. Give c(-4).
-1
Let w(x) be the first derivative of x**4/4 - 2*x**3 - 7*x**2/2 + 6*x - 2571. Determine w(5).
-54
Let n(c) be the first derivative of -2*c**3/3 - c**2/2 - 2*c + 685. Determine n(-6).
-68
Let w(c) = 0 - 196*c + 31